t x(w) = 4167*w - 20913. Give x(5).
-78
Let y(m) = -186*m**2 - 49850*m - 518. Determine y(-268).
18
Let p(q) = -57726*q - 115075. Calculate p(-2).
377
Let r(f) = 3364*f - 36733. What is r(11)?
271
Let m(v) = -4109*v + 41246. Give m(10).
156
Let m(c) = c**3 - 56*c**2 - 708*c + 18. Calculate m(-11).
-301
Let f(o) = -o**2 - 64*o - 329. Calculate f(-11).
254
Let g(o) = 2*o**2 + 186*o + 4009. Give g(-34).
-3
Let n(l) = 2*l**2 + 211*l - 4242. Determine n(18).
204
Let c(f) = 67*f**3 - f**2 + 199*f - 627. What is c(3)?
1770
Let z(g) = 4*g**3 - 223*g**2 + 194*g - 14004. What is z(56)?
-4
Let b(o) = -2*o**2 + 127*o - 1469. Determine b(26).
481
Let u(m) = -12843*m - 13652093. What is u(-1063)?
16
Let t(a) = -305*a + 1167. Calculate t(3).
252
Let w(f) = 503*f - 37223. Determine w(74).
-1
Let j(a) = -3*a**3 + 12*a**2 + 3902*a + 7794. Determine j(-2).
62
Let u(b) = 2*b**2 - 1597*b + 26616. Calculate u(17).
45
Let c(b) = -8*b**3 + 2*b**2 - 206*b - 1299. Give c(-7).
2985
Let q(d) = 3207*d - 1327841. What is q(414)?
-143
Let l(n) = -142140*n - 4690626. Give l(-33).
-6
Let z(p) = -99*p**3 + 16*p**2 - 21*p + 6. Calculate z(1).
-98
Let x(a) = a**2 - 827*a - 372979. Give x(-324).
-55
Let o(z) = -13*z**3 + 37*z**2 - 12*z + 27. What is o(3)?
-27
Let u(n) = 77*n**2 + 383*n + 318. Determine u(-3).
-138
Let j(k) = 1218*k - 52146. What is j(41)?
-2208
Let w(o) = o**3 - 209*o**2 - 42251*o - 5144. What is w(-126)?
22
Let p(a) = 2260*a - 19426. Determine p(8).
-1346
Let v(t) = -10*t**3 + t**2 - 172*t + 896. Give v(5).
-1189
Let a(y) = 6*y**2 - 46*y - 355. What is a(21)?
1325
Let h(q) = -5*q**2 - 2023*q - 10126. Determine h(-5).
-136
Let y(u) = 11995*u + 167949. Calculate y(-14).
19
Let i(l) = -56868*l - 398001. Calculate i(-7).
75
Let v(u) = -u**3 - 28*u**2 - 648*u - 14327. Calculate v(-25).
-2
Let i(v) = 3*v**2 + 475*v - 4090. Calculate i(9).
428
Let u(x) = -2*x**3 + 152*x + 56. Calculate u(-9).
146
Let g(o) = -o**3 + 110*o**2 - 629*o - 641. What is g(7)?
3
Let w(l) = 4521*l - 129. Determine w(0).
-129
Let c(j) = j**3 + 3*j**2 - 408*j + 1609. Give c(4).
89
Let k(r) = r**2 + 1150*r - 356613. Determine k(254).
3
Let b(h) = -2*h**2 + 536*h - 1647. Determine b(264).
465
Let h(t) = 24*t - 2142. Determine h(85).
-102
Let i(t) = t**2 - 57*t + 771. Calculate i(10).
301
Let c(j) = -j**2 - 710*j - 119800. Calculate c(-434).
-16
Let l(n) = 4*n**3 - 81*n**2 + 19775*n - 395090. Determine l(20).
10
Let p(v) = v**2 - 195*v + 615. Give p(3).
39
Let s(o) = 2*o**3 - 189*o**2 - 204*o + 10353. Calculate s(95).
-2
Let b(a) = 7*a**2 - 258*a - 134. Calculate b(42).
1378
Let q(n) = -n**3 - 43*n**2 + 1613*n - 377. Determine q(-67).
-712
Let z(d) = -d**3 + 15*d**2 - 117*d + 556. Give z(6).
178
Let t(j) = -4848*j + 19360. Calculate t(4).
-32
Let w(q) = -2*q**2 + 84*q + 1530. Calculate w(55).
100
Let n(u) = -2*u**3 + 9*u**2 + 235*u - 937. What is n(4)?
19
Let y(m) = 15*m - 2176. Determine y(49).
-1441
Let f(l) = -l**3 + 14*l**2 + 211*l - 2757. Determine f(14).
197
Let j(q) = -3*q**3 + 25*q**2 - 235*q + 2421. Calculate j(9).
144
Let j(s) = s**3 - 37*s**2 + 212*s + 194. Determine j(29).
-386
Let k(g) = -528*g - 76006. Calculate k(-144).
26
Let j(y) = -2*y**2 + 31*y + 2130. Give j(41).
39
Let x(s) = -17*s**3 + 453*s**2 - 274*s - 204. What is x(26)?
108
Let v(h) = 2*h**3 - 91*h**2 - 450*h + 32. Calculate v(50).
32
Let f(p) = -p**2 - 968*p + 163907. Determine f(147).
2
Let h(w) = 3*w**3 - w**2 + 2918*w + 5845. Give h(-2).
-19
Let o(v) = v**3 - 13*v**2 + 69*v - 196. Determine o(7).
-7
Let h(u) = -u**2 + 67835*u - 1763040. What is h(26)?
-6
Let s(n) = -15211*n - 3498522. Determine s(-230).
8
Let w(t) = -t**3 - 67*t**2 + 357*t + 19461. What is w(-68)?
-191
Let g(q) = q**3 - q**2 + 118*q - 1616. Determine g(9).
94
Let g(l) = -l**3 + 92*l**2 - 176*l - 195. Give g(90).
165
Let r(c) = c**3 + 23*c**2 - 24611*c - 148252. Give r(-6).
26
Let w(m) = 1132*m + 64479. Give w(-57).
-45
Let g(n) = -2*n**2 + 402*n + 1237. What is g(204)?
13
Let k(v) = 19*v**2 + 1993*v - 2158. Determine k(-106).
68
Let u(l) = l**3 - 235*l**2 + 915*l + 2081. Give u(231).
2
Let x(n) = 53*n**2 - 1678*n + 6701. Determine x(27).
32
Let n(h) = -54563*h - 16096103. Give n(-295).
-18
Let l(w) = 506*w - 5992. What is l(12)?
80
Let x(p) = -4*p**3 - 33*p**2 + 473*p + 3851. Give x(-8).
3
Let y(f) = 112*f + 29956. Determine y(-268).
-60
Let i(x) = 143*x**2 - 73*x + 125. Give i(2).
551
Let c(g) = 13*g**2 + 808*g - 2511. Calculate c(-65).
-106
Let j(f) = -4*f**3 - 423*f**2 - 4740*f + 292. Determine j(-93).
13
Let j(v) = -v**3 + 61*v**2 - 791*v + 312. Give j(18).
6
Let j(i) = -i**2 + 86*i + 1753. Determine j(-17).
2
Let d(b) = 3*b**2 + 7*b - 786. Determine d(14).
-100
Let m(d) = 9*d**2 + 63770*d - 63771. Calculate m(1).
8
Let s(l) = -l**3 + 63*l**2 - 877*l - 532. Calculate s(22).
18
Let f(m) = 10885*m + 32612. What is f(-3)?
-43
Let s(o) = 644*o - 3797. What is s(6)?
67
Let z(y) = 4*y**2 - 2552*y + 63465. Determine z(26).
-183
Let z(l) = 546*l**2 + 18563*l + 118. Calculate z(-34).
152
Let a(u) = -2*u**3 + 2603*u**2 - 137119*u + 218. What is a(55)?
-2
Let p(h) = 78115*h + 390579. Determine p(-5).
4
Let m(u) = 44*u**2 + 1503*u + 7444. Calculate m(-6).
10
Let t(o) = 8*o**2 - 733*o + 12979. Calculate t(24).
-5
Let c(v) = -92*v**3 + 118*v**2 + 352*v - 10. What is c(-3)?
2480
Let i(z) = 4*z**3 - 173*z**2 + 59*z - 513. Determine i(43).
175
Let i(u) = 9*u**3 + 67*u**2 - 141*u - 975. Calculate i(-8).
-167
Let w(j) = j**3 + 41*j**2 + 242*j + 132. Give w(-34).
-4
Let b(l) = -28331*l - 1615011. What is b(-57)?
-144
Let f(q) = 8*q**2 - 1592*q + 76790. Give f(117).
38
Let m(j) = 3*j**3 - 76*j**2 - 50*j - 627. Determine m(26).
-575
Let f(m) = m**3 + 15*m**2 + 2830*m + 45649. Determine f(-16).
113
Let s(z) = -285*z**3 + 6*z**2 - 10*z - 14. Give s(-1).
287
Let n(b) = -2*b**3 - 77*b**2 + 28*b - 1571. What is n(-39)?
-1142
Let v(c) = -c**3 + 16*c**2 - 35*c - 3. Determine v(6).
147
Let u(r) = -1780*r + 350818. What is u(197)?
158
Let r(j) = 6*j**2 + 191474*j - 957386. What is r(5)?
134
Let d(b) = 2*b**3 + 213*b**2 - 80*b + 2941. What is d(-107)?
52
Let y(c) = 3*c**2 - 878*c + 6048. Give y(7).
49
Let h(b) = b**3 - 597*b**2 + 998*b - 239604. Calculate h(596).
-12
Let p(w) = 4*w**2 + 418*w - 25003. What is p(-147)?
-13
Let h(z) = z**3 - 17*z**2 - 113*z + 990. Calculate h(20).
-70
Let u(k) = 1145812*k + 40103420. Give u(-35).
0
Let m(x) = -77*x**2 - 25495*x + 262649. Give m(10).
-1
Let m(a) = 1489*a + 2230. Calculate m(-2).
-748
Let u(o) = -139*o - 12741. Give u(-75).
-2316
Let h(k) = 1048*k**2 + 5147*k - 11. Give h(-5).
454
Let g(z) = 6*z**3 - 23*z**2 - 63*z + 110. Calculate g(8).
1206
Let d(n) = -12*n**2 + 2267*n - 8698. Calculate d(185).
-3
Let l(k) = -k**3 + 37*k**2 - 189*k + 8510. Determine l(38).
-116
Let z(b) = -111*b**3 - 226*b**2 - 449*b + 12. What is z(-2)?
894
Let t(n) = n**3 + 2186*n**2 - 10953*n - 18. Calculate t(5).
-8
Let x(h) = -13*h**3 + 4*h**2 - 27*h + 44. Calculate x(4).
-832
Let i(n) = n**3 - 43*n**2 + 137*n + 3066. Give i(40).
3746
Let o(a) = -88*a - 6002. Determine o(-70).
158
Let h(r) = r**3 - 131*r**2 + 2427*r - 673. Determine h(22).
-35
Let n(v) = 4*v**2 + 540*v - 43775. Determine n(-192).
1
Let o(b) = -8263*b - 2. Determine o(0).
-2
Let j(n) = -12*n**2 - 1677*n + 3408. What is j(2)?
6
Let h(f) = -8113*f + 2012029. Give h(248).
5
Let c(i) = 2*i**3 + 16*i**2 - 111*i - 1171. Calculate c(-12).
-991
Let a(q) = 422*q + 17751. Determine a(-42).
27
Let z(a) = -a**3 - 16*a**2 - 15*a. Calculate z(-14).
-182
Let r(v) = v**3 + 169*v**2 + 96*v - 12028. Give r(-168).
68
Let x(b) = -4*b**3 - 214*b**2 + 282*b - 2633. What is x(-55)?
7
Let i(r) = -8*r**2 + 42185*r + 84376. What is i(-2)?
-26
Let v(t) = -48*t**2 - 477*t - 2. Calculate v(-10).
-32
Let v(b) = 40*b**2 - 669*b + 1988. Determine v(3).
341
Let y(u) = -u**2 - 3986*u + 480070. What is y(117)?
19
Let m(k) = 4152*k - 1108585. Give m(267).
-1
Let k(f) = -13*f**2 + 100*f - 121. Calculate k(6).
11
Let m(i) = -i**3 - 57*i**2 + 195*i + 6164. What is m(-59)?
1621
Let l(f) = -3*f**3 - 114*f**2 - 3*f + 170. Calculate l(-38).
284
Let q(n) = -397*n**2 - 1941*n + 204. Calculate q(-5).
-16
Let p(f) = -43*f - 4983. Determine p(-112).
-167
Let q(o) = -26543*o - 53094. Determine q(-2).
-8
Let i(t) = t**2 - 1629*t + 428682. 